{"id":17,"date":"2023-01-23T12:03:39","date_gmt":"2023-01-23T11:03:39","guid":{"rendered":"https:\/\/nyueco.com\/blog\/?page_id=17"},"modified":"2023-01-23T12:04:13","modified_gmt":"2023-01-23T11:04:13","slug":"aviso-de-cookies","status":"publish","type":"page","link":"https:\/\/nyueco.com\/blog\/aviso-de-cookies\/","title":{"rendered":"Aviso de cookies"},"content":{"rendered":"[vc_row type=\u00bbin_container\u00bb full_screen_row_position=\u00bbmiddle\u00bb column_margin=\u00bbdefault\u00bb column_direction=\u00bbdefault\u00bb column_direction_tablet=\u00bbdefault\u00bb column_direction_phone=\u00bbdefault\u00bb scene_position=\u00bbcenter\u00bb text_color=\u00bbdark\u00bb text_align=\u00bbleft\u00bb row_border_radius=\u00bbnone\u00bb row_border_radius_applies=\u00bbbg\u00bb overflow=\u00bbvisible\u00bb overlay_strength=\u00bb0.3&#8243; gradient_direction=\u00bbleft_to_right\u00bb shape_divider_position=\u00bbbottom\u00bb bg_image_animation=\u00bbnone\u00bb][vc_column column_padding=\u00bbno-extra-padding\u00bb column_padding_tablet=\u00bbinherit\u00bb column_padding_phone=\u00bbinherit\u00bb column_padding_position=\u00bball\u00bb column_element_direction_desktop=\u00bbdefault\u00bb column_element_spacing=\u00bbdefault\u00bb desktop_text_alignment=\u00bbdefault\u00bb tablet_text_alignment=\u00bbdefault\u00bb phone_text_alignment=\u00bbdefault\u00bb background_color_opacity=\u00bb1&#8243; background_hover_color_opacity=\u00bb1&#8243; column_backdrop_filter=\u00bbnone\u00bb column_shadow=\u00bbnone\u00bb column_border_radius=\u00bbnone\u00bb column_link_target=\u00bb_self\u00bb column_position=\u00bbdefault\u00bb gradient_direction=\u00bbleft_to_right\u00bb overlay_strength=\u00bb0.3&#8243; width=\u00bb1\/1&#8243; tablet_width_inherit=\u00bbdefault\u00bb animation_type=\u00bbdefault\u00bb bg_image_animation=\u00bbnone\u00bb border_type=\u00bbsimple\u00bb column_border_width=\u00bbnone\u00bb column_border_style=\u00bbsolid\u00bb][vc_column_text]\n<h2>INFORMACI\u00d3N SOBRE COOKIES<\/h2>\n<p>Debido a la entrada en vigor de la referente modificaci\u00f3n de la \u201cLey de Servicios de la Sociedad de la Informaci\u00f3n\u201d (LSSICE) establecida por el Real Decreto 13\/2012, es de obligaci\u00f3n obtener el consentimiento expreso del usuario de todas las p\u00e1ginas web que usan cookies prescindibles, antes de que \u00e9ste navegue por ellas.<\/p>\n<p>&nbsp;<\/p>\n<h3>\u00bfQU\u00c9 SON LAS COOKIES?<\/h3>\n<p>Las cookies y otras tecnolog\u00edas similares tales como local shared objects, flash cookies o p\u00edxeles, son herramientas empleadas por los servidores Web para almacenar y recuperar informaci\u00f3n acerca de sus visitantes, as\u00ed como para ofrecer un correcto funcionamiento del sitio.<\/p>\n<p>Mediante el uso de estos dispositivos se permite al servidor Web recordar algunos datos concernientes al usuario, como sus preferencias para la visualizaci\u00f3n de las p\u00e1ginas de ese servidor, nombre y contrase\u00f1a, productos que m\u00e1s le interesan, etc.<\/p>\n<p>&nbsp;<\/p>\n<h3>COOKIES AFECTADAS POR LA NORMATIVA Y COOKIES EXCEPTUADAS<\/h3>\n<p>Seg\u00fan la directiva de la UE, las cookies que requieren el consentimiento informado por parte del usuario son las cookies de anal\u00edtica y las de publicidad y afiliaci\u00f3n, quedando exceptuadas las de car\u00e1cter t\u00e9cnico y las necesarias para el funcionamiento del sitio web o la prestaci\u00f3n de servicios expresamente solicitados por el usuario.<\/p>\n<p>&nbsp;<\/p>\n<h3>\u00bfQU\u00c9 TIPOS DE COOKIES EXISTEN?<\/h3>\n<p>Sobre los tipos de cookies, existen cinco grandes grupos:<\/p>\n<p>\u2022 Cookies anal\u00edticas: recogen informaci\u00f3n del uso que se realiza del sitio web.<\/p>\n<p>\u2022 Cookies sociales: son aquellas necesarias para redes sociales externas.<\/p>\n<p>\u2022 Cookies de afiliados: permiten hacer un seguimiento de las visitas procedentes de otras webs, con las que el sitio web establece un contrato de afiliaci\u00f3n (empresas de afiliaci\u00f3n).<\/p>\n<p>\u2022 Cookies de publicidad y comportamentales: recogen informaci\u00f3n sobre las preferencias y elecciones personales del usuario (retargeting).<\/p>\n<p>\u2022 Cookies t\u00e9cnicas y funcionales: son las estrictamente necesarias para el uso del sitio web y para la prestaci\u00f3n del servicio contratado.<\/p>\n<p>&nbsp;<\/p>\n<h3>COOKIES QUE SE UTILIZAN EN ESTE SITIO WEB<\/h3>\n<p>Listar los nombres de las cookies, tipo, propietario, funci\u00f3n y vencimiento, por ejemplo:<\/p>\n[ESTA CAMPO SE COMPLETAR\u00c1 UNA VEZ EST\u00c1 CUNCLUIDA LA TIENDA]\n<p>&nbsp;<\/p>\n<h2>REVOCACI\u00d3N DEL CONSENTIMIENTO PARA INSTALAR COOKIES COMO ELIMINAR LAS COOKIES DEL NAVEGADOR<\/h2>\n<h3>Chrome<\/h3>\n<p>1.\u00a0 \u00a0 Selecciona el icono de Herramientas<\/p>\n<p>2.\u00a0 \u00a0 Haz clic en Configuraci\u00f3n.<\/p>\n<p>3.\u00a0 \u00a0 Haz clic en Mostrar Opciones Avanzadas.<\/p>\n<p>4.\u00a0 \u00a0 En la secci\u00f3n \u201cPrivacidad\u201d haz clic en Configuraci\u00f3n de contenido.<\/p>\n<p>\u2022\u00a0 \u00a0 Eliminar cookies: Haz clic en Todas las cookies y los datos de sitios\u2026<\/p>\n<p>\u2022\u00a0 \u00a0 No permitir que se almacenen cookies.<\/p>\n<p>5.\u00a0 \u00a0 Haz clic en Eliminar datos de navegaci\u00f3n (vaciar la Cach\u00e9).<\/p>\n<p>6.\u00a0 \u00a0 Cierra y reinicia el navegador.<\/p>\n<p>Para m\u00e1s informaci\u00f3n sobre Chrome pulse aqu\u00ed: http:\/\/support.google.com\/chrome\/answer\/95647?hl=es<\/p>\n<p>&nbsp;<\/p>\n<h3>Internet Explorer.<\/h3>\n<p>1.\u00a0 \u00a0 Selecciona Herramientas | Opciones de Internet.<\/p>\n<p>2.\u00a0 \u00a0 Haz clic en la ficha General.<\/p>\n<p>3.\u00a0 \u00a0 En la secci\u00f3n \u201cHistorial de exploraci\u00f3n\u201d, haz clic en Eliminar el historial de exploraci\u00f3n al salir.<\/p>\n<p>4.\u00a0 \u00a0 Seleccionar Eliminar archivos.<\/p>\n<p>5.\u00a0 \u00a0 Seleccionar Eliminar cookies.<\/p>\n<p>6.\u00a0 \u00a0 Haz clic en Eliminar.<\/p>\n<p>7.\u00a0 \u00a0 Haz clic en Aceptar.<\/p>\n<p>8.\u00a0 \u00a0 Cierra y reinicia el navegador.<\/p>\n<p>Para m\u00e1s informaci\u00f3n sobre Internet Explorer pulse aqu\u00ed:<\/p>\n<p>https:\/\/support.microsoft.com\/es-es\/windows\/eliminar-y-administrar-cookies-168dab11-0753-043d-7c16-ede5947fc64d<\/p>\n<p>&nbsp;<\/p>\n<h3>Firefox.<\/h3>\n<p>1.\u00a0 \u00a0 Selecciona Firefox | Historial | Limpiar el historial reciente.<\/p>\n<p>2.\u00a0 \u00a0 Al lado de \u201cDetalles\u201d, haz clic en la flecha hacia abajo.<\/p>\n<p>3.\u00a0 \u00a0 Selecciona las siguientes casillas de verificaci\u00f3n: Cookies, Cach\u00e9, Inicios de sesi\u00f3n activos<\/p>\n<p>4.\u00a0 \u00a0 Usando el \u201cIntervalo de tiempo para borrar\u201d en el men\u00fa desplegable, selecciona Todo.<\/p>\n<p>5.\u00a0 \u00a0 Haz clic en Borrar ahora.<\/p>\n<p>6.\u00a0 \u00a0 Cierra y reinicia el navegador.<\/p>\n<p>Puede aceptar o rechazar las cookies individualmente en las Preferencias de Firefox, en la secci\u00f3n Historial disponible en Herramientas &gt; Opciones &gt; Privacidad.<\/p>\n<p>Para m\u00e1s informaci\u00f3n sobre Mozilla Firefox pulse aqu\u00ed: https:\/\/www.mozilla.org\/es-ES\/privacy\/websites\/#cookies<\/p>\n<p>&nbsp;<\/p>\n<h3>Safari<\/h3>\n<p>1.\u00a0 \u00a0 Selecciona el icono de Safari \/ Editar | Restaurar Safari.<\/p>\n<p>2.\u00a0 \u00a0 Selecciona las siguientes casillas de verificaci\u00f3n: Borrar el historial, Eliminar todos los datos de sitio web<\/p>\n<p>3.\u00a0 \u00a0 Haz clic en Restablecer.<\/p>\n<p>4.\u00a0 \u00a0 Cierra y reinicia el navegador.<\/p>\n<p>Para m\u00e1s informaci\u00f3n sobre Safari pulse aqu\u00ed: http:\/\/support.apple.com\/kb\/PH5042<\/p>\n<p>&nbsp;<\/p>\n<h3>Opera<\/h3>\n<p>Opciones \u2013 Avanzado \u2013 Cookies.<\/p>\n<p>Las opciones de cookies controlan el modo en que Opera los maneja y por lo tanto su aceptaci\u00f3n o rechazo. Para m\u00e1s informaci\u00f3n sobre \u00d3pera pulse aqu\u00ed: http:\/\/help.opera.com\/Linux\/10.60\/es-ES\/cookies.html<\/p>\n<h3>Otros navegadores<\/h3>\n<p>Consulte la documentaci\u00f3n del navegador que tenga instalado.[\/vc_column_text][\/vc_column][\/vc_row]\n","protected":false},"excerpt":{"rendered":"<p>[vc_row type=\u00bbin_container\u00bb full_screen_row_position=\u00bbmiddle\u00bb column_margin=\u00bbdefault\u00bb column_direction=\u00bbdefault\u00bb column_direction_tablet=\u00bbdefault\u00bb column_direction_phone=\u00bbdefault\u00bb scene_position=\u00bbcenter\u00bb text_color=\u00bbdark\u00bb text_align=\u00bbleft\u00bb row_border_radius=\u00bbnone\u00bb row_border_radius_applies=\u00bbbg\u00bb overflow=\u00bbvisible\u00bb overlay_strength=\u00bb0.3&#8243; gradient_direction=\u00bbleft_to_right\u00bb shape_divider_position=\u00bbbottom\u00bb bg_image_animation=\u00bbnone\u00bb][vc_column column_padding=\u00bbno-extra-padding\u00bb column_padding_tablet=\u00bbinherit\u00bb column_padding_phone=\u00bbinherit\u00bb column_padding_position=\u00bball\u00bb column_element_direction_desktop=\u00bbdefault\u00bb column_element_spacing=\u00bbdefault\u00bb desktop_text_alignment=\u00bbdefault\u00bb tablet_text_alignment=\u00bbdefault\u00bb phone_text_alignment=\u00bbdefault\u00bb background_color_opacity=\u00bb1&#8243; background_hover_color_opacity=\u00bb1&#8243; column_backdrop_filter=\u00bbnone\u00bb column_shadow=\u00bbnone\u00bb column_border_radius=\u00bbnone\u00bb column_link_target=\u00bb_self\u00bb column_position=\u00bbdefault\u00bb gradient_direction=\u00bbleft_to_right\u00bb overlay_strength=\u00bb0.3&#8243; width=\u00bb1\/1&#8243; tablet_width_inherit=\u00bbdefault\u00bb animation_type=\u00bbdefault\u00bb bg_image_animation=\u00bbnone\u00bb border_type=\u00bbsimple\u00bb&#8230;<\/p>\n","protected":false},"author":1,"featured_media":0,"parent":0,"menu_order":0,"comment_status":"closed","ping_status":"closed","template":"","meta":{"footnotes":""},"class_list":["post-17","page","type-page","status-publish"],"yoast_head":"<!-- This site is optimized with the Yoast SEO plugin v27.4 - https:\/\/yoast.com\/product\/yoast-seo-wordpress\/ -->\n<title>Aviso de cookies - NYUECO<\/title>\n<meta name=\"description\" content=\"INFORMACI\u00d3N SOBRE COOKIES Debido a la entrada en vigor de la referente modificaci\u00f3n de la \u201cLey de Servicios de la Sociedad de la Informaci\u00f3n\u201d (LSSICE)\" \/>\n<meta name=\"robots\" content=\"index, follow, max-snippet:-1, max-image-preview:large, max-video-preview:-1\" \/>\n<link rel=\"canonical\" href=\"https:\/\/nyueco.com\/blog\/aviso-de-cookies\/\" \/>\n<meta property=\"og:locale\" content=\"es_ES\" \/>\n<meta property=\"og:type\" content=\"article\" \/>\n<meta property=\"og:title\" content=\"Aviso de cookies - NYUECO\" \/>\n<meta property=\"og:description\" content=\"INFORMACI\u00d3N SOBRE COOKIES Debido a la entrada en vigor de la referente modificaci\u00f3n de la \u201cLey de Servicios de la Sociedad de la Informaci\u00f3n\u201d (LSSICE)\" \/>\n<meta property=\"og:url\" content=\"https:\/\/nyueco.com\/blog\/aviso-de-cookies\/\" \/>\n<meta property=\"og:site_name\" content=\"NYUECO\" \/>\n<meta property=\"article:publisher\" content=\"https:\/\/www.facebook.com\/nyueco\" \/>\n<meta property=\"article:modified_time\" content=\"2023-01-23T11:04:13+00:00\" \/>\n<meta name=\"twitter:card\" content=\"summary_large_image\" \/>\n<meta name=\"twitter:label1\" content=\"Tiempo de lectura\" \/>\n\t<meta name=\"twitter:data1\" content=\"4 minutos\" \/>\n<script type=\"application\/ld+json\" class=\"yoast-schema-graph\">{\"@context\":\"https:\\\/\\\/schema.org\",\"@graph\":[{\"@type\":\"WebPage\",\"@id\":\"https:\\\/\\\/nyueco.com\\\/blog\\\/aviso-de-cookies\\\/\",\"url\":\"https:\\\/\\\/nyueco.com\\\/blog\\\/aviso-de-cookies\\\/\",\"name\":\"Aviso de cookies - NYUECO\",\"isPartOf\":{\"@id\":\"https:\\\/\\\/nyueco.com\\\/blog\\\/#website\"},\"datePublished\":\"2023-01-23T11:03:39+00:00\",\"dateModified\":\"2023-01-23T11:04:13+00:00\",\"description\":\"INFORMACI\u00d3N SOBRE COOKIES Debido a la entrada en vigor de la referente modificaci\u00f3n de la \u201cLey de Servicios de la Sociedad de la Informaci\u00f3n\u201d (LSSICE)\",\"breadcrumb\":{\"@id\":\"https:\\\/\\\/nyueco.com\\\/blog\\\/aviso-de-cookies\\\/#breadcrumb\"},\"inLanguage\":\"es\",\"potentialAction\":[{\"@type\":\"ReadAction\",\"target\":[\"https:\\\/\\\/nyueco.com\\\/blog\\\/aviso-de-cookies\\\/\"]}]},{\"@type\":\"BreadcrumbList\",\"@id\":\"https:\\\/\\\/nyueco.com\\\/blog\\\/aviso-de-cookies\\\/#breadcrumb\",\"itemListElement\":[{\"@type\":\"ListItem\",\"position\":1,\"name\":\"Portada\",\"item\":\"https:\\\/\\\/nyueco.com\\\/blog\\\/\"},{\"@type\":\"ListItem\",\"position\":2,\"name\":\"Aviso de cookies\"}]},{\"@type\":\"WebSite\",\"@id\":\"https:\\\/\\\/nyueco.com\\\/blog\\\/#website\",\"url\":\"https:\\\/\\\/nyueco.com\\\/blog\\\/\",\"name\":\"NYUECO\",\"description\":\"Complementos alimenticios ecol\u00f3gicos y pr\u00e1cticos adaptados directamente a tus necesidades.\",\"potentialAction\":[{\"@type\":\"SearchAction\",\"target\":{\"@type\":\"EntryPoint\",\"urlTemplate\":\"https:\\\/\\\/nyueco.com\\\/blog\\\/?s={search_term_string}\"},\"query-input\":{\"@type\":\"PropertyValueSpecification\",\"valueRequired\":true,\"valueName\":\"search_term_string\"}}],\"inLanguage\":\"es\"}]}<\/script>\n<!-- \/ Yoast SEO plugin. -->","yoast_head_json":{"title":"Aviso de cookies - NYUECO","description":"INFORMACI\u00d3N SOBRE COOKIES Debido a la entrada en vigor de la referente modificaci\u00f3n de la \u201cLey de Servicios de la Sociedad de la Informaci\u00f3n\u201d (LSSICE)","robots":{"index":"index","follow":"follow","max-snippet":"max-snippet:-1","max-image-preview":"max-image-preview:large","max-video-preview":"max-video-preview:-1"},"canonical":"https:\/\/nyueco.com\/blog\/aviso-de-cookies\/","og_locale":"es_ES","og_type":"article","og_title":"Aviso de cookies - NYUECO","og_description":"INFORMACI\u00d3N SOBRE COOKIES Debido a la entrada en vigor de la referente modificaci\u00f3n de la \u201cLey de Servicios de la Sociedad de la Informaci\u00f3n\u201d (LSSICE)","og_url":"https:\/\/nyueco.com\/blog\/aviso-de-cookies\/","og_site_name":"NYUECO","article_publisher":"https:\/\/www.facebook.com\/nyueco","article_modified_time":"2023-01-23T11:04:13+00:00","twitter_card":"summary_large_image","twitter_misc":{"Tiempo de lectura":"4 minutos"},"schema":{"@context":"https:\/\/schema.org","@graph":[{"@type":"WebPage","@id":"https:\/\/nyueco.com\/blog\/aviso-de-cookies\/","url":"https:\/\/nyueco.com\/blog\/aviso-de-cookies\/","name":"Aviso de cookies - NYUECO","isPartOf":{"@id":"https:\/\/nyueco.com\/blog\/#website"},"datePublished":"2023-01-23T11:03:39+00:00","dateModified":"2023-01-23T11:04:13+00:00","description":"INFORMACI\u00d3N SOBRE COOKIES Debido a la entrada en vigor de la referente modificaci\u00f3n de la \u201cLey de Servicios de la Sociedad de la Informaci\u00f3n\u201d (LSSICE)","breadcrumb":{"@id":"https:\/\/nyueco.com\/blog\/aviso-de-cookies\/#breadcrumb"},"inLanguage":"es","potentialAction":[{"@type":"ReadAction","target":["https:\/\/nyueco.com\/blog\/aviso-de-cookies\/"]}]},{"@type":"BreadcrumbList","@id":"https:\/\/nyueco.com\/blog\/aviso-de-cookies\/#breadcrumb","itemListElement":[{"@type":"ListItem","position":1,"name":"Portada","item":"https:\/\/nyueco.com\/blog\/"},{"@type":"ListItem","position":2,"name":"Aviso de cookies"}]},{"@type":"WebSite","@id":"https:\/\/nyueco.com\/blog\/#website","url":"https:\/\/nyueco.com\/blog\/","name":"NYUECO","description":"Complementos alimenticios ecol\u00f3gicos y pr\u00e1cticos adaptados directamente a tus necesidades.","potentialAction":[{"@type":"SearchAction","target":{"@type":"EntryPoint","urlTemplate":"https:\/\/nyueco.com\/blog\/?s={search_term_string}"},"query-input":{"@type":"PropertyValueSpecification","valueRequired":true,"valueName":"search_term_string"}}],"inLanguage":"es"}]}},"_links":{"self":[{"href":"https:\/\/nyueco.com\/blog\/wp-json\/wp\/v2\/pages\/17","targetHints":{"allow":["GET"]}}],"collection":[{"href":"https:\/\/nyueco.com\/blog\/wp-json\/wp\/v2\/pages"}],"about":[{"href":"https:\/\/nyueco.com\/blog\/wp-json\/wp\/v2\/types\/page"}],"author":[{"embeddable":true,"href":"https:\/\/nyueco.com\/blog\/wp-json\/wp\/v2\/users\/1"}],"replies":[{"embeddable":true,"href":"https:\/\/nyueco.com\/blog\/wp-json\/wp\/v2\/comments?post=17"}],"version-history":[{"count":2,"href":"https:\/\/nyueco.com\/blog\/wp-json\/wp\/v2\/pages\/17\/revisions"}],"predecessor-version":[{"id":19,"href":"https:\/\/nyueco.com\/blog\/wp-json\/wp\/v2\/pages\/17\/revisions\/19"}],"wp:attachment":[{"href":"https:\/\/nyueco.com\/blog\/wp-json\/wp\/v2\/media?parent=17"}],"curies":[{"name":"wp","href":"https:\/\/api.w.org\/{rel}","templated":true}]}}